 - 304. What is d(33)?
1181
Let l(u) = 3*u**3 + 32*u**2 + 17*u + 94. Determine l(-11).
-214
Let u(p) = -3*p**3 + 190*p**2 - 585*p - 19883. Give u(58).
11
Let n(x) = 50*x + 9975. What is n(-199)?
25
Let m(r) = -19*r**3 + 303*r**2 + 7*r - 51. Determine m(16).
-195
Let g(u) = -76959*u + 2231813. Determine g(29).
2
Let x(i) = -4009*i - 80144. Calculate x(-20).
36
Let i(f) = 15*f**3 + 1836*f**2 + 1836*f. Determine i(-1).
-15
Let d(i) = -5192*i - 10392. Calculate d(-2).
-8
Let i(j) = 9753*j - 526650. Calculate i(54).
12
Let g(u) = 228842*u + 4576846. Calculate g(-20).
6
Let i(w) = -5*w**2 + 158*w + 118. What is i(32)?
54
Let d(w) = -81313*w - 162631. Calculate d(-2).
-5
Let o(v) = v**3 + 22*v**2 - 315*v + 46. Give o(-32).
-114
Let t(m) = 2568*m + 12802. Calculate t(-5).
-38
Let x(k) = -2*k**2 - 6708*k - 472581. Calculate x(-72).
27
Let a(i) = 5224*i - 146267. What is a(28)?
5
Let d(c) = -98*c**2 - 28893*c + 5023. Give d(-295).
8
Let h(s) = -583*s + 33759. Calculate h(58).
-55
Let x(r) = 36*r**3 - 11126*r**2 + 615*r + 885. Calculate x(309).
-42
Let k(r) = -2*r**2 - 15*r + 147672. Calculate k(268).
4
Let f(u) = 3*u**2 - 53774*u - 376592. Calculate f(-7).
-27
Let k(r) = -r**3 + 222*r**2 + 1588*r + 113432. Determine k(231).
11
Let r(o) = -44*o**2 + 122*o + 2326. Determine r(-6).
10
Let r(q) = -4411*q + 273737. Determine r(62).
255
Let r(i) = 34*i**2 + i + 231. Calculate r(0).
231
Let a(q) = -47*q**3 - 380*q**2 - 14*q + 41. Determine a(-8).
-103
Let i(y) = -15*y**2 + 680*y - 607. Determine i(1).
58
Let y(x) = -24*x**2 + 1276*x - 15628. Calculate y(34).
12
Let d(k) = 5724*k - 217767. Give d(38).
-255
Let z(b) = 35*b**2 - 1051*b + 301. What is z(32)?
2509
Let h(i) = 623*i - 27458. Calculate h(36).
-5030
Let b(j) = 10733*j - 42929. Determine b(4).
3
Let z(g) = g**2 + 3305*g - 9917. Give z(3).
7
Let h(y) = 7*y**2 + 1835*y + 11039. Give h(-6).
281
Let m(t) = -t**3 + 309*t**2 - 1811*t - 2230. What is m(303)?
-109
Let d(q) = -q**3 + 52*q**2 + 8732*q - 40. Calculate d(-71).
31
Let k(z) = 2*z**3 - 2274*z**2 + 1312*z - 1491737. Calculate k(1137).
7
Let c(h) = -1089240*h - 15249367. Calculate c(-14).
-7
Let g(o) = o**2 + 2467*o - 69881. What is g(28)?
-21
Let v(o) = -o**2 - 248*o - 1594. Determine v(-7).
93
Let t(w) = -623039*w + 5607359. What is t(9)?
8
Let p(k) = k**3 + 41*k**2 - 339*k - 2691. What is p(-47)?
-12
Let l(h) = h**2 + 395*h + 9901. Calculate l(-28).
-375
Let x(d) = -2*d**3 + 28*d**2 - 84*d + 2266. Calculate x(16).
-102
Let b(u) = -42*u + 1191. Give b(28).
15
Let u(b) = 41*b**3 - 5820*b**2 - 278*b - 792. What is u(142)?
60
Let g(s) = 47*s**3 + 3427*s**2 - 239*s + 214. Calculate g(-73).
-3655
Let n(x) = x**3 - x**2 - 444. Give n(0).
-444
Let y(s) = s**3 - 46*s**2 + 389*s - 3. What is y(0)?
-3
Let l(s) = 13654*s + 860208. Determine l(-63).
6
Let q(c) = 62488*c + 376657. Determine q(-6).
1729
Let f(g) = g**3 - 5*g**2 - 19267*g + 57815. Determine f(3).
-4
Let r(a) = 2*a**2 + 748*a + 7994. What is r(-11)?
8
Let l(p) = 2*p**2 + 240*p - 239. Give l(-120).
-239
Let y(b) = -5*b**2 + 625*b + 25109. Determine y(157).
-11
Let h(x) = 479*x**2 + 201669*x + 4188. Determine h(-421).
-22
Let r(k) = -k**3 + 27*k**2 - 150*k - 121. What is r(15)?
329
Let m(q) = 2*q**3 + 9*q**2 - 149*q - 35. Calculate m(-11).
31
Let i(x) = x**3 + 21*x**2 - 70*x + 65. Give i(-22).
1121
Let b(y) = 2400*y + 132005. Calculate b(-55).
5
Let o(c) = 962*c - 395410. Calculate o(411).
-28
Let b(p) = 37789*p + 793567. Calculate b(-21).
-2
Let l(s) = 4*s**2 + 315*s + 2599. Determine l(-8).
335
Let c(g) = 302*g - 302. Calculate c(1).
0
Let v(o) = 80*o + 1725. Calculate v(-4).
1405
Let m(i) = -21*i**2 - 348*i - 1499. Calculate m(-5).
-284
Let d(l) = -556*l - 2015. Calculate d(-3).
-347
Let s(w) = 14*w**3 + 38*w**2 - 575*w - 1709. Calculate s(-3).
-20
Let q(s) = 746*s - 178788. Determine q(240).
252
Let z(h) = -36*h**3 - 2*h**2 - 1049*h - 2092. Calculate z(-2).
286
Let j(b) = -b**2 - 10984*b + 1231561. Give j(111).
16
Let k(q) = -5525*q - 1265239. Give k(-229).
-14
Let x(d) = 2*d**3 - 14*d**2 - 6653*d + 75520. Calculate x(55).
5
Let v(r) = r**3 + 109*r**2 + 2311*r - 733. What is v(-80)?
-13
Let q(c) = -c**3 - 102*c**2 - 203*c - 315. Determine q(-100).
-15
Let a(g) = -11313*g - 882417. Determine a(-78).
-3
Let o(v) = -5*v**3 - 556*v**2 - 190*v - 8596. Give o(-111).
173
Let q(p) = 8*p - 1254. Give q(11).
-1166
Let v(j) = -2*j**3 - 37*j**2 - 9*j + 166. Calculate v(-18).
4
Let b(w) = 447*w**3 + w**2 + 2*w. Give b(-1).
-448
Let o(h) = -2*h**2 - 1518*h - 28205. Give o(-19).
-85
Let l(o) = 75*o**3 + 2*o**2 + 195*o - 198. Calculate l(1).
74
Let f(x) = -x**3 - 23*x**2 + 227*x + 115. Calculate f(-30).
-395
Let n(l) = -48*l - 3922. Determine n(-81).
-34
Let x(m) = 17*m**2 - 7983*m - 3337. What is x(470)?
-47
Let y(s) = -2*s**3 - 87*s**2 - 11*s + 252. Give y(9).
-8352
Let n(h) = 20503*h - 224642. Give n(11).
891
Let x(f) = -2*f**3 - 9172*f**2 - 55081*f - 732. Calculate x(-6).
-6
Let b(q) = q**2 + 7866*q - 141913. What is b(18)?
-1
Let q(a) = 4*a**3 - 32*a**2 + 113*a - 1357. Give q(10).
573
Let h(g) = 1282*g + 2567. Calculate h(-2).
3
Let o(q) = 29737*q + 1605868. Determine o(-54).
70
Let u(n) = -12*n**2 - 130*n + 541. Calculate u(4).
-171
Let c(s) = 53*s**2 - 122*s - 42. What is c(3)?
69
Let b(q) = -89*q**2 - 125*q + 351. Give b(3).
-825
Let r(p) = 16541*p - 248096. Calculate r(15).
19
Let j(c) = c**2 + 15366*c + 199541. Determine j(-13).
-48
Let q(f) = -255*f + 140747. Calculate q(552).
-13
Let w(r) = 327*r + 4654. Give w(-14).
76
Let r(z) = z**3 + 15*z**2 + 2886*z + 52961. Calculate r(-18).
41
Let n(g) = -999*g + 76025. Calculate n(76).
101
Let i(p) = -2*p**3 - 12*p**2 - 473994*p - 2369921. Give i(-5).
-1
Let b(d) = -d**3 + 223*d + 160. What is b(-13)?
-542
Let x(g) = g**3 - 19*g**2 - 552*g + 10255. What is x(18)?
-5
Let g(h) = -5*h**2 + 142*h + 3298. What is g(43)?
159
Let c(u) = -106*u - 14768. Calculate c(-166).
2828
Let s(k) = -3960*k**2 - 31672*k + 71. What is s(-8)?
7
Let r(b) = -1220433*b - 9. Give r(0).
-9
Let i(c) = -9*c**2 - 567*c + 25051. Calculate i(-93).
-59
Let w(y) = 22950*y - 481879. Calculate w(21).
71
Let a(s) = 6*s**2 - 153*s - 2018. Determine a(37).
535
Let y(n) = 6*n**2 - 1202*n - 6059. What is y(-5)?
101
Let m(s) = 1093*s - 326806. Calculate m(299).
1
Let x(w) = -2078*w + 18707. What is x(9)?
5
Let j(q) = -q**3 - 4*q**2 + 94*q + 277. What is j(-3)?
-14
Let f(k) = -4*k**2 + 1724*k + 15. Calculate f(431).
15
Let f(g) = -638*g - 400019. Calculate f(-627).
7
Let d(l) = 19*l**2 + 1897*l + 42451. Calculate d(-66).
13
Let v(f) = 11*f**2 + 464*f + 95. Calculate v(-42).
11
Let t(z) = 40*z**3 + 521*z**2 - 3*z - 132. Determine t(-13).
76
Let f(g) = -g**3 + 105*g**2 + 678*g - 60461. Calculate f(106).
171
Let y(k) = -8*k**2 - 1125*k - 28996. Give y(-34).
6
Let m(f) = -f**2 + 11749*f + 47006. Determine m(-4).
-6
Let g(v) = v**3 + 6*v**2 + 11482*v + 57364. Give g(-5).
-21
Let w(t) = 7*t**2 - 1363*t - 4038. Calculate w(-3).
114
Let p(s) = 24076*s + 48153. What is p(-2)?
1
Let v(m) = -m**3 + 41*m**2 - 136*m + 726. Determine v(38).
-110
Let t(w) = -54*w**2 - 402*w - 693. Determine t(-5).
-33
Let j(s) = 53*s**2 + 139*s + 563. Give j(-4).
855
Let h(c) = -c**3 - 15*c**2 - 32*c + 135. Calculate h(-11).
3
Let l(a) = 3264*a + 2833154. What is l(-868)?
2
Let y(o) = -3*o**2 + 135*o + 12020. Determine y(90).
-130
Let d(k) = -285*k - 70956. Calculate d(-249).
9
Let l(b) = 161*b**2 - 967*b - 6448. Give l(-4).
-4
Let b(z) = -6*z**3 - 2643*z**2 - 1304*z + 7116. What is b(-440)?
76
Let w(n) = 37505*n - 223975. Calculate w(6).
1055
Let j(z) = 12969*z - 77817. Determine j(6).
-3
Let x(i) = -29*i**2 - 2462*i + 185. Calculate x(-85).
-70
Let x(l) = 28*l**2 - 95*l - 466. Calculate x(-5).
709
Let s(p) = -p**3 - 22*p**2 - 22*p + 81. What is s(-17)?
-990
Let a(c) = -11*c**3 - 148*c**2 + 7*c + 195. Determine a(-14).
1273
Let s(x) = -4*x**3 + 2*x**2 - 61*x + 170. Calculate s(3).
-103
Let g(l) = -161*l**2 + 1364*l - 9. What is g(8)?
599
Let l(z) = z**2 + 5407*z - 261973. Calculate l(48).
-133
Let t(p) = -1752*p**2 + 13944*p + 604. Determine t(8).
28
Let u(z) = 3*z**2 + 43*z - 608. Give u(-20).
-268
Let b(t) = -1225*t - 687. Determine b(0).
-687
Let a(w) = -28*w**2 + 180*w + 263. Determine a(-4).
-905
Let t(h) = 237417*h - 23740